= 7703 - 7627. What is the highest common divisor of 855 and l?
19
Let m = 1875 + 2243. Calculate the highest common divisor of m and 142.
142
Suppose 0 = -7*j + j - 1170. Let s = j + 333. Calculate the greatest common divisor of s and 12.
6
Suppose 2*c = 5*u - 34, 3*c - 12*u + 11*u + 38 = 0. Let x be c*(10/(-8) - (-54)/72). Calculate the greatest common factor of x and 39.
3
Suppose 5*t - 4080 = -2*d + 331, d - t - 2209 = 0. What is the greatest common factor of d and 18?
6
Suppose 0 = -36*t + 30*t - 924. Let n = t - -158. Calculate the greatest common divisor of n and 20.
4
Suppose -59*p + 2622 = -4989. Calculate the highest common factor of 688 and p.
43
Let y = -2155 + 2309. What is the greatest common divisor of 182 and y?
14
Let o = 1862 + -1841. What is the highest common divisor of 2037 and o?
21
Let g be (-166 - 0/(-1))*(-9 + -5 - -5). What is the greatest common factor of g and 162?
18
Suppose o - 4 = -0*o. Suppose -5*d + 17 = 4*i, 6*i + o*d - 28 = i. What is the highest common divisor of i and 8?
8
Let h(r) be the second derivative of r**4/12 + 17*r**3/6 + 23*r**2 + 2*r + 17. Let z be h(-15). What is the greatest common factor of 16 and z?
16
Let q = 15413 - 15351. What is the greatest common factor of q and 11191?
31
Suppose a = 5*y + 2*a - 31, 2*y = -2*a + 14. Suppose y*x + 2*g = 4*x + 64, 4*g = 4*x - 160. What is the highest common divisor of x and 132?
12
Let v = -356 - -521. Let a = 277 + v. Calculate the highest common divisor of 34 and a.
34
Let m be -580 + (5 - 4/4). Let s = -474 - m. What is the greatest common factor of s and 238?
34
Let q(v) = -73*v + 3266. Let a be q(41). What is the greatest common factor of 2079 and a?
21
Suppose 4*p + 7*i - 4*i = -792, -4*i + 16 = 0. Let z = -183 - p. Calculate the greatest common factor of 6 and z.
6
Let h be 25*(2 + 1/(-1)). Suppose -16*t + 178 - 98 = 0. Calculate the greatest common divisor of t and h.
5
Let f(a) = a**3 + 8*a**2 - 4*a - 16. Let z be f(-9). Let u = 88 + z. Suppose -2 - 10 = -4*h. Calculate the greatest common divisor of h and u.
3
Let c(d) = -d**3 + 21*d**2 + 59*d - 683. Let g be c(10). Calculate the greatest common factor of 133 and g.
19
Suppose 0*f - 212 = -4*f. Let o(h) = -11*h - 14. Let c be o(-5). Let q = f - c. What is the greatest common factor of q and 108?
12
Suppose 3*n = -3*s + 42, -23*n = 5*s - 19*n - 72. Let m(f) = f**3 - 11*f**2 - 4*f - 16. Let k be m(12). Calculate the highest common factor of s and k.
16
Let s(m) = -m**2 + 86*m - 385. Let x be s(80). What is the highest common factor of x and 7619?
19
Let o(s) = 3*s**3 + 9*s**2 - 8*s + 26. Let i be o(4). Let g(d) = 2*d**2 + 10*d + 17. Let y be g(-7). Calculate the greatest common factor of i and y.
15
Let c be (-3)/2*128/(-12). Suppose -2*h - 3*i = 134 - 434, 0 = 4*h + 5*i - 596. What is the greatest common factor of h and c?
16
Let m be (2/(-4))/((-510)/36 - -14). Suppose 5*l - 5*q - 1610 = -8*q, m*l = 2*q + 966. What is the highest common factor of 56 and l?
14
Suppose 4*p - 335 = -7*y + 12*y, 0 = -2*p - 3*y + 151. Let d be 1*39*(p/24 + -3). What is the greatest common divisor of d and 143?
13
Suppose 0 = 3*v + 29 - 122. Suppose 0 = r - 2*l - 254, l - 46 = -5*r + 1191. What is the greatest common divisor of v and r?
31
Suppose 323*r - 210 = 321*r + 24. Let p(t) = 39*t**3 - t + 1. Let w be p(1). Calculate the greatest common factor of w and r.
39
Let l = -4088 + 5968. What is the greatest common divisor of 460 and l?
20
Let i = -12899 - -14381. What is the greatest common divisor of i and 798?
114
Suppose 5*b + 10*a - 11*a - 109 = 0, 5*b - 106 = 4*a. What is the highest common factor of 1705 and b?
11
Suppose 4*i + 12 = 0, 0 = -y + 13*i - 14*i + 521. Let f = -353 + y. Calculate the highest common divisor of f and 27.
9
Suppose 0 = -5*d + 5*t - 220, -d - 6*t - 44 = -11*t. Let g = d + 60. Calculate the highest common divisor of g and 208.
16
Suppose -10*l = -12*l + s + 9, -3*l + 20 = 5*s. Suppose -5*g - 3*f + 60 = 0, 5*g + l*f + 4 = 54. Calculate the highest common factor of g and 24.
3
Let v be 9 - 14/4*-138. Suppose 6*u - 12*u = -v. Calculate the greatest common factor of 451 and u.
41
Suppose 74*w + 3*w - 1237 = 1073. Calculate the greatest common factor of w and 12750.
30
Let t(f) = -3*f + 91. Let u be t(33). Let d be 2/8 - (u + (-1464)/32). Let x(r) = -r - 2. Let h be x(-8). Calculate the greatest common factor of h and d.
6
Let y = 137 - 132. Suppose -l = -3*l + 4*v + 44, -l + 7 = -y*v. What is the highest common factor of 64 and l?
32
Let j(q) = q**3 + q + 7*q + 5 + 9*q**2 + 2*q - 2*q. Let a be j(-8). Suppose a*y - 75 = 135. What is the greatest common factor of y and 14?
14
Let l = -138 - -219. Let n = -207 - -292. Suppose n*i - 88 = l*i. Calculate the highest common factor of i and 66.
22
Let h be 1665/259*(-40)/(-15)*1*126. What is the highest common factor of h and 378?
54
Suppose -25*n + 30*n = 4*p - 1479, n - 1798 = -5*p. Calculate the greatest common factor of p and 95.
19
Suppose -5*l = 423 + 157. Let d = 68 + l. Let b = 168 - d. What is the highest common divisor of 24 and b?
24
Let w(u) = -317*u - 14. Let d(b) = -318*b - 14. Let p(k) = 5*d(k) - 6*w(k). Let y be p(2). What is the greatest common factor of y and 58?
58
Let n be (-25 - -24)/((-2)/(-16)). Let z be ((-12)/n - (-4)/(-8))*31. What is the greatest common divisor of z and 31?
31
Let c(l) = -l**2 + 277*l + 2088. Let h be c(93). Calculate the greatest common divisor of 300 and h.
300
Suppose -25*c = -3552 + 2252. What is the greatest common divisor of 1118 and c?
26
Suppose 21 = -j + 65. Let l be 6/(-4)*j/(-6). Suppose 4*n = 3*u - 181, u + 3*n - 39 = -n. What is the highest common factor of u and l?
11
Let u(t) = t**2 - 165*t + 18816. Let q be u(0). Calculate the greatest common factor of q and 504.
168
Suppose -308 = 274*x - 281*x. Let u be (-513)/114*x/(-6). Calculate the greatest common factor of 429 and u.
33
Let g(k) = 2*k**3 + 30*k**2 - 77*k + 41. Let t be g(-17). What is the greatest common divisor of 14550 and t?
194
Let f(d) = 2*d**2 - 1. Let t(w) = -3*w**2 - 2*w - 9. Let m(l) = 2*f(l) + t(l). Let o be m(-22). Calculate the highest common factor of o and 47.
47
Suppose -22*o - 169*o + 241 + 4725 = 0. What is the highest common divisor of 1443 and o?
13
Let w be (3/(-5))/((-4)/380). Let s be 9/(-15) - 23/(-5). Let i be (3 - 10/s)*38. What is the greatest common divisor of i and w?
19
Let a(m) = 11*m - 25. Let o be (6 + (-76)/10)/((-4)/50). Suppose -73*q + 77*q - o = 0. Let v be a(q). Calculate the greatest common divisor of 15 and v.
15
Let l be (4 + (-8)/2)*-1. Let t be 4*6/(-24)*(l + -15). Calculate the greatest common factor of t and 75.
15
Let i(v) be the first derivative of 10*v**3/3 - v - 3. Let x be i(-1). Let a be (-1387)/(-38) + (-7)/14. What is the highest common divisor of a and x?
9
Suppose 15 = 14*i - 13*i. Let z(w) = w**2 - 13*w - 32. Let x be z(i). Let k be (-454)/16*x - 18/24. What is the highest common factor of 7 and k?
7
Let d = 12 + -29. Let g be 8/(-2) - (4 + d). Let a(i) = i**3 - 7*i**2 - 16*i + 1. Let k be a(g). What is the highest common factor of 209 and k?
19
Let g be -73 + 6198 - (-30)/(-3). What is the greatest common factor of g and 5?
5
Let q = 2230 - 2185. What is the greatest common factor of 60 and q?
15
Suppose -4*h = -5*o + 900, -4*h - 132 = 3*o - 704. Suppose -13*g + o = -154. Calculate the greatest common divisor of 91 and g.
13
Suppose 0 = -4*r - 2*c + 62, -3*c + 56 + 22 = 5*r. Calculate the greatest common divisor of 9645 and r.
15
Let g(a) = -a**2 + 5*a + 11. Let m be g(7). Let p be (-5 + 157)/(-1 - m). What is the highest common factor of 304 and p?
76
Let m = 106 - 94. Suppose -8*j = 4*t - 12*j - 16, m = t + j. Calculate the greatest common divisor of t and 6.
2
Suppose j - 29 = 24. Let u = -56 + j. Let s be 297/3*u/(-27)*3. What is the highest common divisor of 22 and s?
11
Suppose 16*d - 187 = 137 - 4. What is the highest common factor of d and 65?
5
Let u(r) = -r**3 + 51*r**2 - 96*r - 20. Let h be u(49). Calculate the highest common factor of h and 2288.
26
Let g = 169 + -29. Suppose -6*t = -11*t + q + 91, 5*q = 3*t - 15. Calculate the highest common divisor of g and t.
20
Let t(a) = -a**3 - 3*a**2 - a + 29. Let r be t(0). Suppose -4*m = -5*h + 6*h - 39, h = -3*m + r. Wh